tiple of 11?
True
Is 15 a factor of 2610?
True
Is 4927 a multiple of 103?
False
Does 2 divide 1541?
False
Is 21 a factor of 1445?
False
Is 96 a factor of 1728?
True
Is 7344 a multiple of 27?
True
Does 2 divide 271?
False
Does 21 divide 2331?
True
Is 4921 a multiple of 19?
True
Does 62 divide 1288?
False
Is 5 a factor of 3400?
True
Is 399 a multiple of 3?
True
Is 110 a factor of 12775?
False
Is 178 a multiple of 57?
False
Is 22299 a multiple of 128?
False
Is 1059 a multiple of 4?
False
Is 86 a factor of 9546?
True
Does 9 divide 207?
True
Is 1219 a multiple of 23?
True
Is 3 a factor of 2233?
False
Is 1440 a multiple of 96?
True
Is 5304 a multiple of 34?
True
Is 16 a factor of 9877?
False
Is 9 a factor of 100?
False
Does 312 divide 96720?
True
Is 26 a factor of 33358?
True
Does 44 divide 1144?
True
Does 8 divide 40208?
True
Does 122 divide 50221?
False
Does 13 divide 1050?
False
Is 2925 a multiple of 93?
False
Is 54 a factor of 42336?
True
Does 21 divide 5670?
True
Is 45 a factor of 11864?
False
Is 59 a factor of 10887?
False
Is 2120 a multiple of 20?
True
Is 8 a factor of 2111?
False
Does 70 divide 1120?
True
Is 21 a factor of 63?
True
Is 3 a factor of 2544?
True
Is 2299 a multiple of 11?
True
Does 2 divide 497?
False
Is 1031 a multiple of 52?
False
Is 57 a factor of 26260?
False
Is 6 a factor of 1584?
True
Is 12 a factor of 485?
False
Is 15447 a multiple of 126?
False
Does 36 divide 2268?
True
Is 7530 a multiple of 19?
False
Is 6996 a multiple of 106?
True
Does 5 divide 12815?
True
Is 3683 a multiple of 4?
False
Is 26 a factor of 6240?
True
Is 1362 a multiple of 65?
False
Is 22 a factor of 8822?
True
Is 33 a factor of 660?
True
Is 8 a factor of 88?
True
Is 2153 a multiple of 10?
False
Does 79 divide 19338?
False
Is 2 a factor of 9?
False
Does 43 divide 1375?
False
Is 6 a factor of 3342?
True
Does 15 divide 31753?
False
Is 11856 a multiple of 11?
False
Is 28 a factor of 19377?
False
Does 5 divide 211?
False
Is 5898 a multiple of 7?
False
Is 59 a multiple of 8?
False
Is 10 a factor of 975?
False
Is 6 a factor of 2265?
False
Does 8 divide 10176?
True
Is 93 a factor of 15754?
False
Is 10006 a multiple of 21?
False
Is 15 a factor of 5025?
True
Does 18 divide 267?
False
Does 27 divide 13347?
False
Is 13 a factor of 562?
False
Is 22 a factor of 1606?
True
Is 75 a factor of 4200?
True
Does 27 divide 375?
False
Is 15 a factor of 520?
False
Does 240 divide 96913?
False
Is 65 a factor of 1616?
False
Is 10098 a multiple of 66?
True
Is 12 a factor of 11551?
False
Does 17 divide 4547?
False
Does 8 divide 6130?
False
Does 38 divide 18398?
False
Is 23 a factor of 12538?
False
Does 47 divide 6956?
True
Does 265 divide 104678?
False
Is 11684 a multiple of 92?
True
Is 709 a multiple of 13?
False
Is 1750 a multiple of 35?
True
Is 1867 a multiple of 26?
False
Does 14 divide 2856?
True
Is 784 a multiple of 20?
False
Is 5000 a multiple of 100?
True
Does 16 divide 1832?
False
Is 5691 a multiple of 27?
False
Does 5 divide 329?
False
Is 2544 a multiple of 12?
True
Is 24 a factor of 4207?
False
Does 9 divide 2727?
True
Does 293 divide 49090?
False
Does 33 divide 18637?
False
Does 38 divide 4645?
False
Is 49 a factor of 19404?
True
Is 28 a factor of 560?
True
Does 25 divide 17325?
True
Is 20 a factor of 14950?
False
Is 22 a factor of 37774?
True
Does 20 divide 180?
True
Does 132 divide 17939?
False
Does 21 divide 3694?
False
Does 17 divide 3264?
True
Is 36 a factor of 2572?
False
Is 32928 a multiple of 8?
True
Is 5 a factor of 4598?
False
Is 766 a multiple of 16?
False
Is 11 a factor of 833?
False
Is 31 a factor of 186?
True
Does 2 divide 754?
True
Does 18 divide 9072?
True
Does 5 divide 389?
False
Is 15 a factor of 1858?
False
Does 13 divide 702?
True
Does 38 divide 1581?
False
Does 21 divide 126?
True
Does 2 divide 1879?
False
Does 8 divide 9046?
False
Does 26 divide 60?
False
Does 14 divide 22438?
False
Is 27 a factor of 1492?
False
Is 13 a factor of 251?
False
Is 3962 a multiple of 10?
False
Does 6 divide 37091?
False
Does 16 divide 2279?
False
Is 24058 a multiple of 46?
True
Is 203 a multiple of 3?
False
Does 45 divide 40860?
True
Is 21 a factor of 651?
True
Does 107 divide 963?
True
Is 21 a factor of 767?
False
Does 12 divide 216?
True
Is 12588 a multiple of 59?
False
Does 8 divide 3808?
True
Is 3 a factor of 993?
True
Is 15 a factor of 10481?
False
Is 211 a factor of 8128?
False
Is 20 a factor of 1000?
True
Does 154 divide 4891?
False
Does 122 divide 3050?
True
Is 1040 a multiple of 20?
True
Is 26 a factor of 779?
False
Does 25 divide 33127?
False
Is 23444 a multiple of 3?
False
Is 669 a multiple of 61?
False
Does 17 divide 8042?
False
Does 19 divide 11384?
False
Is 6200 a multiple of 25?
True
Is 9 a factor of 25354?
False
Is 10 a factor of 632?
False
Does 3 divide 106?
False
Is 213 a multiple of 3?
True
Is 58 a factor of 8049?
False
Is 27 a factor of 10789?
False
Is 3005 a multiple of 19?
False
Is 1356 a multiple of 72?
False
Is 121 a factor of 2057?
True
Does 26 divide 1083?
False
Is 17 a factor of 17544?
True
Is 641 a multiple of 15?
False
Is 25 a factor of 1600?
True
Does 77 divide 898?
False
Does 86 divide 11524?
True
Does 31 divide 1541?
False
Is 20 a factor of 8264?
False
Is 153 a multiple of 9?
True
Does 178 divide 41343?
False
Is 969 a multiple of 17?
True
Is 2622 a multiple of 5?
False
Is 15655 a multiple of 37?
False
Is 5778 a multiple of 107?
True
Is 12412 a multiple of 33?
False
Does 37 divide 2035?
True
Is 37 a factor of 42772?
True
Is 1389 a multiple of 41?
False
Is 33 a factor of 297?
True
Is 1370 a multiple of 13?
False
Is 199 a multiple of 17?
False
Is 448 a multiple of 10?
False
Is 2091 a multiple of 17?
True
Is 2 a factor of 899?
False
Does 15 divide 8104?
False
Is 312 a multiple of 3?
True
Is 169 a factor of 2425?
False
Is 14756 a multiple of 34?
True
Does 26 divide 988?
True
Does 6 divide 24?
True
Is 53 a factor of 9485?
False
Is 21 a factor of 2771?
False
Is 15 a factor of 3825?
True
Does 6 divide 2380?
False
Does 63 divide 14863?
False
Is 5280 a multiple of 40?
True
Is 9479 a multiple of 172?
False
Is 34 a factor of 12104?
True
Is 49 a factor of 2597?
True
Is 3767 a multiple of 3?
False
Is 79 a factor of 3746?
False
Is 427 a multiple of 33?
False
Does 28 divide 9807?
False
Does 11 divide 1518?
True
Does 12 divide 50058?
False
Is 841 a multiple of 29?
True
Is 3785 a multiple of 17?
False
Does 33 divide 1108?
False
Is 15 a factor of 2940?
True
Does 34 divide 46896?
False
Is 15 a factor of 4875?
True
Does 13 divide 1315?
False
Does 22 divide 3278?
True
Does 6 divide 1492?
False
Is 13882 a multiple of 27?
False
Is 110280 a multiple of 24?
True
Is 3353 a multiple of 6?
False
Does 5 divide 230?
True
Is 5 a factor of 1180?
True
Does 8 divide 568?
True
Is 593 a multiple of 21?
False
Is 32 a factor of 270?
False
Does 46 divide 1231?
False
Does 48 divide 11853?
False
Does 132 divide 6642?
False
Does 260 divide 88920?
True
Is 49 a factor of 735?
True
Is 2 a factor of 442?
True
Is 52215 a multiple of 15?
True
Is 15 a multiple of 3?
True
Is 100496 a multiple of 44?
True
Does 36 divide 27246?
False
Is 43 a factor of 3271?
False
Is 742 a multiple of 19?
False
Is 17 a factor of 493?
True
Is 4687 a multiple of 46?
False
Does 49 divide 196?
True
Is 23 a factor of 439?
False
Is 26 a factor of 338?
True
Is 49 a factor of 229?
False
Is 7 a factor of 602?
True
Does 7 divide 497?
True
Is 99 a factor of 24392?
False
Is 6118 a multiple of 46?
True
Is 28 a factor of 16626?
False
Is 1400 a multiple of 55?
False
Is 143 a multiple of 2?
False
Does 118 divide 48144?
True
Is 393 a factor of 72703?
False
Does 2 divide 86?
True
Is 6 a factor of 723?
False
Is 1232 a multiple of 7?
True
Is 32 a factor of 17184?
True
Is 33 a factor of 792?
True
Is 246 a multiple of 15?
False
Is 17 a factor of 11966?
False
Does 13 divide 1794?
True
Does 17 divide 3123?
False
Does 22 divide 2112?
True
Is 2 a factor of 9606?
True
Is 16 a factor of 32?
True
Is 504 a multiple of 24?
True
Is 3156 a multiple of 12?
True
Is 11 a factor of 2167?
True
Is 31 a factor of 1220?
False
Does 53 divide 265?
True
Does 73 divide 2190?
True
Is 16 a factor of 239?
False
Does 87 divide 56426?
False
Is 63 a factor of 7246?
False
Does 5 divide 365?
True
Does 7 divide 5733?
True
Is 21041 a multiple of 56?
False
D